s digit of 81122?
2
What is the hundreds digit of 5460628?
6
What is the units digit of 797459?
9
What is the tens digit of 11064172?
7
What is the units digit of 776023?
3
What is the thousands digit of 303393?
3
What is the units digit of 7709749?
9
What is the tens digit of 5815667?
6
What is the tens digit of 7744160?
6
What is the millions digit of 21270548?
1
What is the hundreds digit of 659545?
5
What is the units digit of 360012?
2
What is the millions digit of 2454223?
2
What is the ten thousands digit of 1068426?
6
What is the thousands digit of 420517?
0
What is the millions digit of 32819582?
2
What is the ten thousands digit of 198971?
9
What is the units digit of 16405317?
7
What is the thousands digit of 3784527?
4
What is the hundred thousands digit of 1120616?
1
What is the thousands digit of 1965057?
5
What is the tens digit of 219653?
5
What is the hundreds digit of 591998?
9
What is the ten thousands digit of 36680?
3
What is the hundreds digit of 582320?
3
What is the hundreds digit of 276688?
6
What is the hundreds digit of 1388001?
0
What is the hundreds digit of 19896866?
8
What is the hundreds digit of 17414525?
5
What is the units digit of 2430741?
1
What is the hundreds digit of 508767?
7
What is the tens digit of 6670007?
0
What is the hundred thousands digit of 342411?
3
What is the ten thousands digit of 1390585?
9
What is the hundred thousands digit of 753139?
7
What is the thousands digit of 527748?
7
What is the hundred thousands digit of 552298?
5
What is the units digit of 630418?
8
What is the hundred thousands digit of 5201762?
2
What is the tens digit of 119054?
5
What is the tens digit of 13426098?
9
What is the ten thousands digit of 44857?
4
What is the thousands digit of 6196900?
6
What is the units digit of 22413?
3
What is the hundreds digit of 11388622?
6
What is the millions digit of 7659381?
7
What is the hundred thousands digit of 6863074?
8
What is the units digit of 593918?
8
What is the hundreds digit of 96624?
6
What is the hundred thousands digit of 5177616?
1
What is the tens digit of 180126?
2
What is the ten thousands digit of 1008161?
0
What is the tens digit of 3231608?
0
What is the tens digit of 2842198?
9
What is the millions digit of 19897499?
9
What is the units digit of 251429?
9
What is the ten thousands digit of 1740380?
4
What is the units digit of 581328?
8
What is the thousands digit of 2368683?
8
What is the thousands digit of 195430?
5
What is the ten thousands digit of 3838582?
3
What is the hundreds digit of 572673?
6
What is the thousands digit of 98356?
8
What is the tens digit of 2866798?
9
What is the hundreds digit of 1536770?
7
What is the ten thousands digit of 1136886?
3
What is the ten thousands digit of 1395922?
9
What is the hundreds digit of 461975?
9
What is the units digit of 314456?
6
What is the millions digit of 1423474?
1
What is the hundred thousands digit of 1629229?
6
What is the thousands digit of 38140369?
0
What is the millions digit of 32554182?
2
What is the hundreds digit of 459035?
0
What is the tens digit of 393171?
7
What is the hundred thousands digit of 403263?
4
What is the thousands digit of 199836?
9
What is the ten millions digit of 12959947?
1
What is the hundred thousands digit of 1789157?
7
What is the tens digit of 379067?
6
What is the hundreds digit of 5651425?
4
What is the ten thousands digit of 494298?
9
What is the millions digit of 12004846?
2
What is the hundreds digit of 104237?
2
What is the ten thousands digit of 1628029?
2
What is the units digit of 3017741?
1
What is the tens digit of 3601835?
3
What is the hundreds digit of 611414?
4
What is the units digit of 8009840?
0
What is the millions digit of 14336540?
4
What is the tens digit of 363087?
8
What is the millions digit of 2904594?
2
What is the tens digit of 2904140?
4
What is the ten thousands digit of 13381017?
8
What is the hundred thousands digit of 8223494?
2
What is the hundred thousands digit of 608040?
6
What is the tens digit of 1034930?
3
What is the tens digit of 723486?
8
What is the hundred thousands digit of 1268536?
2
What is the hundred thousands digit of 633668?
6
What is the hundreds digit of 821611?
6
What is the ten thousands digit of 22306?
2
What is the hundred thousands digit of 1715441?
7
What is the units digit of 54?
4
What is the units digit of 29154946?
6
What is the tens digit of 554756?
5
What is the units digit of 2190642?
2
What is the hundred thousands digit of 2743988?
7
What is the hundreds digit of 8400713?
7
What is the hundred thousands digit of 1698450?
6
What is the ten thousands digit of 335040?
3
What is the units digit of 151521?
1
What is the tens digit of 44934?
3
What is the hundreds digit of 1370644?
6
What is the ten thousands digit of 6275995?
7
What is the thousands digit of 94458?
4
What is the ten thousands digit of 1795869?
9
What is the ten thousands digit of 951490?
5
What is the millions digit of 2315899?
2
What is the hundred thousands digit of 200115?
2
What is the ten millions digit of 28952298?
2
What is the hundreds digit of 71904?
9
What is the tens digit of 3103122?
2
What is the tens digit of 163244?
4
What is the millions digit of 5051161?
5
What is the ten thousands digit of 458129?
5
What is the hundreds digit of 402500?
5
What is the ten thousands digit of 304736?
0
What is the units digit of 2516092?
2
What is the units digit of 2704445?
5
What is the millions digit of 2183411?
2
What is the thousands digit of 50427?
0
What is the thousands digit of 2078539?
8
What is the hundreds digit of 12314134?
1
What is the tens digit of 434938?
3
What is the hundred thousands digit of 275643?
2
What is the units digit of 140487?
7
What is the units digit of 1784829?
9
What is the hundred thousands digit of 23222114?
2
What is the units digit of 979185?
5
What is the units digit of 206446?
6
What is the ten thousands digit of 2644105?
4
What is the tens digit of 2223278?
7
What is the tens digit of 17274694?
9
What is the tens digit of 621954?
5
What is the hundreds digit of 747502?
5
What is the ten millions digit of 16938142?
1
What is the thousands digit of 7042093?
2
What is the hundred thousands digit of 206019?
2
What is the units digit of 2972?
2
What is the units digit of 3320?
0
What is the thousands digit of 189629?
9
What is the hundred thousands digit of 4804249?
8
What is the hundred thousands digit of 2530461?
5
What is the ten thousands digit of 2828090?
2
What is the ten thousands digit of 744211?
4
What is the hundreds digit of 9399317?
3
What is the units digit of 1221181?
1
What is the tens digit of 64496?
9
What is the thousands digit of 1518856?
8
What is the hundred thousands digit of 1908042?
9
What is the tens digit of 371347?
4
What is the units digit of 735219?
9
What is the thousands digit of 4820017?
0
What is the tens digit of 50721?
2
What is the thousands digit of 170075?
0
What is the hundreds digit of 14126939?
9
What is the hundreds digit of 261936?
9
What is the ten thousands digit of 142354?
4
What is the ten thousands digit of 401005?
0
What is the tens digit of 6092842?
4
What is the hundreds digit of 3091992?
9
What is the hundred thousands digit of 685477?
6
What is the thousands digit of 108684?
8
What is the ten thousands digit of 118563?
1
What is the thousands digit of 9937802?
7
What is the tens digit of 2466634?
3
What is the thousands digit of 340778?
0
What is the ten thousands digit of 10816092?
1
What is the tens digit of 482136?
3
What is the ten thousands digit of 952410?
5
What is the units digit of 4432316?
6
What is the thousands digit of 13944636?
4
What is the hundred thousands digit of 1093690?
0
What is the thousands digit of 1878557?
8
What is the hundreds digit of 526400?
4
What is the hundred thousands digit of 160874?
1
What is the units digit of 3344059?
9
What is the thousands digit of 8778794?
8
What is the thousands digit of 1456454?
6
What is the hundreds digit of 76209?
2
What is the hundred thousands digit of 3389391?
3
What is the units digit of 106285?
5
What is the ten thousands digit of 7915185?
1
What is the hundred thousands digit of 2314759?
3
What is the tens digit of 17477776?
7
What is the tens digit of 678480?
8
What is t